{"id":768,"date":"2025-08-04T23:08:24","date_gmt":"2025-08-04T23:08:24","guid":{"rendered":"https:\/\/ruajami.meshti.cl\/?page_id=768"},"modified":"2025-08-04T23:16:59","modified_gmt":"2025-08-04T23:16:59","slug":"cultura","status":"publish","type":"page","link":"https:\/\/www.ruajami.org\/index.php\/cultura\/","title":{"rendered":"Cultura"},"content":{"rendered":"<ul class=\"wp-block-latest-posts__list has-author wp-block-latest-posts\"><li><div class=\"wp-block-latest-posts__featured-image\"><img loading=\"lazy\" decoding=\"async\" width=\"150\" height=\"150\" src=\"https:\/\/www.ruajami.org\/wp-content\/uploads\/2025\/08\/Imagen2-150x150.png\" class=\"attachment-thumbnail size-thumbnail wp-post-image\" alt=\"\" style=\"\" srcset=\"https:\/\/www.ruajami.org\/wp-content\/uploads\/2025\/08\/Imagen2-150x150.png 150w, https:\/\/www.ruajami.org\/wp-content\/uploads\/2025\/08\/Imagen2-100x100.png 100w\" sizes=\"auto, (max-width: 150px) 100vw, 150px\" \/><\/div><a class=\"wp-block-latest-posts__post-title\" href=\"https:\/\/www.ruajami.org\/index.php\/2025\/08\/21\/judaismo-reformista-como-nacio\/\">\u00bfJuda\u00edsmo reformista? \u00bfC\u00f3mo naci\u00f3?<\/a><div class=\"wp-block-latest-posts__post-author\">por ruajami<\/div><div class=\"wp-block-latest-posts__post-excerpt\">\u00bfJuda\u00edsmo reformista? \u00bfC\u00f3mo naci\u00f3? Por Benjam\u00edn Fehrmann A finales del siglo XVII comenz\u00f3 a germinar en Europa un movimiento intelectual y social conocido como Ilustraci\u00f3n. Este proceso -tambi\u00e9n llamado Siglo de las Luces- involucr\u00f3 un cambio radical en el pensamiento europeo dominante en aquella \u00e9poca: se comenzaron a dejar la superstici\u00f3n de lado, la religi\u00f3n&#8230; <a class=\"wp-block-latest-posts__read-more\" href=\"https:\/\/www.ruajami.org\/index.php\/2025\/08\/21\/judaismo-reformista-como-nacio\/\" rel=\"noopener noreferrer\">Leer m\u00e1s<span class=\"screen-reader-text\">: \u00bfJuda\u00edsmo reformista? \u00bfC\u00f3mo naci\u00f3?<\/span><\/a><\/div><\/li>\n<li><div class=\"wp-block-latest-posts__featured-image\"><img loading=\"lazy\" decoding=\"async\" width=\"150\" height=\"150\" src=\"https:\/\/www.ruajami.org\/wp-content\/uploads\/2025\/08\/Natalio_Berman_Berman.jpg\" class=\"attachment-thumbnail size-thumbnail wp-post-image\" alt=\"\" style=\"\" \/><\/div><a class=\"wp-block-latest-posts__post-title\" href=\"https:\/\/www.ruajami.org\/index.php\/2025\/08\/06\/biografia-de-natalio-berman-berman\/\">Biograf\u00eda de Natalio Berman Berman<\/a><div class=\"wp-block-latest-posts__post-author\">por ruajami<\/div><div class=\"wp-block-latest-posts__post-excerpt\">Biograf\u00eda de Natalio Berman Berman por Christian Parra V. Un hombre de su siglo Natalio (Noaj) Berman Berman (Odessa, Imperio Ruso, 10 de octubre de 1908 \u2013 Santiago de Chile, 13 de abril de 1957) fue un m\u00e9dico cirujano, pol\u00edtico, periodista, escritor y cr\u00edtico literario chileno de origen jud\u00edo ruso. Su vida, un reflejo de&#8230; <a class=\"wp-block-latest-posts__read-more\" href=\"https:\/\/www.ruajami.org\/index.php\/2025\/08\/06\/biografia-de-natalio-berman-berman\/\" rel=\"noopener noreferrer\">Leer m\u00e1s<span class=\"screen-reader-text\">: Biograf\u00eda de Natalio Berman Berman<\/span><\/a><\/div><\/li>\n<li><div class=\"wp-block-latest-posts__featured-image\"><img loading=\"lazy\" decoding=\"async\" width=\"150\" height=\"150\" src=\"https:\/\/www.ruajami.org\/wp-content\/uploads\/2025\/08\/Imagen5-1-150x150.png\" class=\"attachment-thumbnail size-thumbnail wp-post-image\" alt=\"\" style=\"\" \/><\/div><a class=\"wp-block-latest-posts__post-title\" href=\"https:\/\/www.ruajami.org\/index.php\/2025\/08\/04\/gabriela-mistral-y-su-aprecio-por-el-pueblo-judio\/\">Gabriela Mistral y su aprecio por el pueblo jud\u00edo<\/a><div class=\"wp-block-latest-posts__post-author\">por ruajami<\/div><div class=\"wp-block-latest-posts__post-excerpt\">Gabriela Mistral y su aprecio por el pueblo jud\u00edo Por Benjam\u00edn Fehrmann Gabriela Mistral (seud\u00f3nimo de Lucila de Mar\u00eda Godoy Alcayaga) fue una poetisa, pedagoga y diplom\u00e1tica chilena. Ganadora del premio Nobel de Literatura en 1945, su nombre resuena en la memoria colectiva de todos los chilenos. Una de sus facetas menos conocidas es la&#8230; <a class=\"wp-block-latest-posts__read-more\" href=\"https:\/\/www.ruajami.org\/index.php\/2025\/08\/04\/gabriela-mistral-y-su-aprecio-por-el-pueblo-judio\/\" rel=\"noopener noreferrer\">Leer m\u00e1s<span class=\"screen-reader-text\">: Gabriela Mistral y su aprecio por el pueblo jud\u00edo<\/span><\/a><\/div><\/li>\n<\/ul>","protected":false},"excerpt":{"rendered":"","protected":false},"author":1,"featured_media":0,"parent":0,"menu_order":0,"comment_status":"closed","ping_status":"closed","template":"","meta":{"ngg_post_thumbnail":0,"footnotes":""},"class_list":["post-768","page","type-page","status-publish","hentry"],"_links":{"self":[{"href":"https:\/\/www.ruajami.org\/index.php\/wp-json\/wp\/v2\/pages\/768","targetHints":{"allow":["GET"]}}],"collection":[{"href":"https:\/\/www.ruajami.org\/index.php\/wp-json\/wp\/v2\/pages"}],"about":[{"href":"https:\/\/www.ruajami.org\/index.php\/wp-json\/wp\/v2\/types\/page"}],"author":[{"embeddable":true,"href":"https:\/\/www.ruajami.org\/index.php\/wp-json\/wp\/v2\/users\/1"}],"replies":[{"embeddable":true,"href":"https:\/\/www.ruajami.org\/index.php\/wp-json\/wp\/v2\/comments?post=768"}],"version-history":[{"count":5,"href":"https:\/\/www.ruajami.org\/index.php\/wp-json\/wp\/v2\/pages\/768\/revisions"}],"predecessor-version":[{"id":778,"href":"https:\/\/www.ruajami.org\/index.php\/wp-json\/wp\/v2\/pages\/768\/revisions\/778"}],"wp:attachment":[{"href":"https:\/\/www.ruajami.org\/index.php\/wp-json\/wp\/v2\/media?parent=768"}],"curies":[{"name":"wp","href":"https:\/\/api.w.org\/{rel}","templated":true}]}}